{"id":34,"date":"2014-10-27T15:00:35","date_gmt":"2014-10-27T13:00:35","guid":{"rendered":"http:\/\/www.pflegezuschuss.de\/?page_id=34"},"modified":"2022-07-25T18:29:14","modified_gmt":"2022-07-25T16:29:14","slug":"impressum","status":"publish","type":"page","link":"https:\/\/www.pflegezuschuss.de\/?page_id=34","title":{"rendered":"Impressum"},"content":{"rendered":"\t\t<div data-elementor-type=\"wp-page\" data-elementor-id=\"34\" class=\"elementor elementor-34\">\n\t\t\t\t\t\t<section class=\"elementor-section elementor-top-section elementor-element elementor-element-df81c16 elementor-section-boxed elementor-section-height-default elementor-section-height-default\" data-id=\"df81c16\" data-element_type=\"section\" data-e-type=\"section\">\n\t\t\t\t\t\t<div class=\"elementor-container elementor-column-gap-default\">\n\t\t\t\t\t<div class=\"elementor-column elementor-col-100 elementor-top-column elementor-element elementor-element-058a94a\" data-id=\"058a94a\" data-element_type=\"column\" data-e-type=\"column\">\n\t\t\t<div class=\"elementor-widget-wrap elementor-element-populated\">\n\t\t\t\t\t\t<div class=\"elementor-element elementor-element-1768705 elementor-widget elementor-widget-text-editor\" data-id=\"1768705\" data-element_type=\"widget\" data-e-type=\"widget\" data-widget_type=\"text-editor.default\">\n\t\t\t\t<div class=\"elementor-widget-container\">\n\t\t\t\t\t\t\t\t\t<p>Angaben gem\u00e4\u00df \u00a7 5 TMG:<\/p>\n<p>die Website wird gemeinsam betrieben von<\/p>\n<h4><strong>F\u00f6rderverein sozialer Einrichtungen Oestrich-Winkel e.V.<\/strong><\/h4>\n<p>Sudetenstr.9<br \/>65375 Oestrich-Winkel<\/p>\n<p><strong>Vertreten durch:<br \/><\/strong> 1. Vorsitzende<br \/>Astrid Gl\u00fcsenkamp<br \/>Sudetenstr. 9<br \/>65375 Oestrich-Winkel<\/p>\n<p>Kontakt:<a href=\"mailto:c.zehler@pflegezuschuss.de\"><br \/><\/a> Telefon: 06723\u00a0 27 66 Mobil: 0171 383 107 1<br \/>E-Mail: <a href=\"mailto:info@pflegezuschuss.de\">info@pflegezuschuss.de<\/a><\/p>\n<p><strong>Registereintrag:<br \/><\/strong>Eintragung im Vereinsregister. Registergericht:\u00a0Wiesbaden Registernummer:\u00a0VR 5433<\/p>\n<p><strong>Bankverbindung<\/strong>:<br \/>Rheingauer Volksbank <br \/>IBAN: DE05 5109 1500 0007 0044 19<\/p>\n<h4><strong>Spendensammelverein f\u00fcr Soziales und Kultur e.V.<\/strong><\/h4>\n<p>Schnitterweg 13<br \/>65375 Oestrich-Winkel<\/p>\n<p><strong>Vertreten durch:<br \/><\/strong>1. Vorsitzende Gerda M\u00fcller<br \/>Schnitterweg 13<br \/>65375 Oestrich-Winkel<br \/>Telefon 06723 1229<br \/>Kontakt:\u00a0<a href=\"mailto:g.mueller@pflegezuschuss.de\">g.mueller@pflegezuschuss.de<\/a><\/p>\n<p><strong>Registereintrag:<br \/><\/strong> Eintragung im Vereinsregister. Registergericht:\u00a0Wiesbaden Registernummer:\u00a0VR 5504<\/p>\n<p><strong>Bankverbindung<\/strong>:<br \/>Rheingauer Volksbank<br \/>IBAN:\u00a0DE67 5109 1500 0020 2301 26<br \/>Steuernummer: 37 250 755 52<\/p>\n<p><b>Bildnachweis<\/b><br \/><a href=\"https:\/\/de.freepik.com\/fotos\/pflege\" target=\"_blank\" rel=\"noopener\">Pflege Fotos erstellt von rawpixel.com &#8211; de.freepik.com<\/a><\/p>\n<h4><strong>Haftungsausschluss (Disclaimer)<\/strong> <strong>Haftung f\u00fcr Inhalte<\/strong><\/h4>\n<p>Als Diensteanbieter sind wir gem\u00e4\u00df \u00a7 7 Abs.1 TMG f\u00fcr eigene Inhalte auf diesen Seiten nach den allgemeinen Gesetzen verantwortlich. Nach \u00a7\u00a7 8 bis 10 TMG sind wir als Diensteanbieter jedoch nicht verpflichtet, \u00fcbermittelte oder gespeicherte fremde Informationen zu \u00fcberwachen oder nach Umst\u00e4nden zu forschen, die auf eine rechtswidrige T\u00e4tigkeit hinweisen. Verpflichtungen zur Entfernung oder Sperrung der Nutzung von Informationen nach den allgemeinen Gesetzen bleiben hiervon unber\u00fchrt. Eine diesbez\u00fcgliche Haftung ist jedoch erst ab dem Zeitpunkt der Kenntnis einer konkreten Rechtsverletzung m\u00f6glich. Bei Bekanntwerden von entsprechenden Rechtsverletzungen werden wir diese Inhalte umgehend entfernen.<\/p>\n<h4><strong>Haftung f\u00fcr Links<\/strong><\/h4>\n<p>Unser Angebot enth\u00e4lt Links zu externen Webseiten Dritter, auf deren Inhalte wir keinen Einfluss haben. Deshalb k\u00f6nnen wir f\u00fcr diese fremden Inhalte auch keine Gew\u00e4hr \u00fcbernehmen. F\u00fcr die Inhalte der verlinkten Seiten ist stets der jeweilige Anbieter oder Betreiber der Seiten verantwortlich. Die verlinkten Seiten wurden zum Zeitpunkt der Verlinkung auf m\u00f6gliche Rechtsverst\u00f6\u00dfe \u00fcberpr\u00fcft. Rechtswidrige Inhalte waren zum Zeitpunkt der Verlinkung nicht erkennbar. Eine permanente inhaltliche Kontrolle der verlinkten Seiten ist jedoch ohne konkrete Anhaltspunkte einer Rechtsverletzung nicht zumutbar. Bei Bekanntwerden von Rechtsverletzungen werden wir derartige Links umgehend entfernen.<\/p>\n<h4><strong>Urheberrecht<\/strong><\/h4>\n<p>Die durch die Seitenbetreiber erstellten Inhalte und Werke auf diesen Seiten unterliegen dem deutschen Urheberrecht. Die Vervielf\u00e4ltigung, Bearbeitung, Verbreitung und jede Art der Verwertung au\u00dferhalb der Grenzen des Urheberrechtes bed\u00fcrfen der schriftlichen Zustimmung des jeweiligen Autors bzw. Erstellers. Downloads und Kopien dieser Seite sind nur f\u00fcr den privaten, nicht kommerziellen Gebrauch gestattet. Soweit die Inhalte auf dieser Seite nicht vom Betreiber erstellt wurden, werden die Urheberrechte Dritter beachtet. Insbesondere werden Inhalte Dritter als solche gekennzeichnet. Sollten Sie trotzdem auf eine Urheberrechtsverletzung aufmerksam werden, bitten wir um einen entsprechenden Hinweis. Bei Bekanntwerden von Rechtsverletzungen werden wir derartige Inhalte umgehend entfernen.<\/p>\t\t\t\t\t\t\t\t<\/div>\n\t\t\t\t<\/div>\n\t\t\t\t\t<\/div>\n\t\t<\/div>\n\t\t\t\t\t<\/div>\n\t\t<\/section>\n\t\t\t\t<\/div>\n\t\t","protected":false},"excerpt":{"rendered":"<p>Angaben gem\u00e4\u00df \u00a7 5 TMG: die Website wird gemeinsam betrieben von F\u00f6rderverein sozialer Einrichtungen Oestrich-Winkel e.V. Sudetenstr.965375 Oestrich-Winkel Vertreten durch: 1. VorsitzendeAstrid Gl\u00fcsenkampSudetenstr. 965375 Oestrich-Winkel Kontakt: Telefon: 06723\u00a0 27 66 Mobil: 0171 383 107 1E-Mail: info@pflegezuschuss.de Registereintrag:Eintragung im Vereinsregister. Registergericht:\u00a0Wiesbaden Registernummer:\u00a0VR 5433 Bankverbindung:Rheingauer Volksbank IBAN: DE05 5109 1500 0007 0044 19 Spendensammelverein f\u00fcr Soziales und [&hellip;]<\/p>\n","protected":false},"author":1,"featured_media":0,"parent":0,"menu_order":0,"comment_status":"closed","ping_status":"closed","template":"","meta":{"footnotes":""},"class_list":["post-34","page","type-page","status-publish","hentry","post"],"_links":{"self":[{"href":"https:\/\/www.pflegezuschuss.de\/index.php?rest_route=\/wp\/v2\/pages\/34","targetHints":{"allow":["GET"]}}],"collection":[{"href":"https:\/\/www.pflegezuschuss.de\/index.php?rest_route=\/wp\/v2\/pages"}],"about":[{"href":"https:\/\/www.pflegezuschuss.de\/index.php?rest_route=\/wp\/v2\/types\/page"}],"author":[{"embeddable":true,"href":"https:\/\/www.pflegezuschuss.de\/index.php?rest_route=\/wp\/v2\/users\/1"}],"replies":[{"embeddable":true,"href":"https:\/\/www.pflegezuschuss.de\/index.php?rest_route=%2Fwp%2Fv2%2Fcomments&post=34"}],"version-history":[{"count":0,"href":"https:\/\/www.pflegezuschuss.de\/index.php?rest_route=\/wp\/v2\/pages\/34\/revisions"}],"wp:attachment":[{"href":"https:\/\/www.pflegezuschuss.de\/index.php?rest_route=%2Fwp%2Fv2%2Fmedia&parent=34"}],"curies":[{"name":"wp","href":"https:\/\/api.w.org\/{rel}","templated":true}]}}